 - 544. Suppose 29 = y - v, 39 = -4*y + v + a. What is the tens digit of y?
2
Let m be (-2 - 2)*(7 + -8). Let t(o) = 40*o - 1. What is the hundreds digit of t(m)?
1
Suppose -2*k = -6*k, b - 3 = 3*k. Suppose b*g = -113 + 335. What is the tens digit of g?
7
Suppose 2*s + 4*g = 8, -3*s + 3*g + 12 = g. Suppose 135 = 3*h + c + 2*c, s*h + c - 165 = 0. What is the units digit of h?
0
Let v = 719 + -285. What is the tens digit of v?
3
Let m(z) = 3*z**3 + 1. Let k be m(1). Suppose -6*q = -k*q + 12. What is the units digit of (-14 - -41)*(-4)/q?
8
Let b(j) be the second derivative of j**5/20 - 3*j**4/4 - 5*j**3/6 - 9*j**2 + 22*j. What is the tens digit of b(11)?
6
Suppose 33484 = 5*q + 2*n, 0 = 9*q - 6*q + n - 20090. What is the thousands digit of q?
6
Suppose 1087 = 3*y - 593. Suppose -3*w - y = -2*c, 0 = -4*c + 23 - 7. What is the tens digit of w/(-3) - (-13)/(-39)?
6
Let u(d) = -d**3 + 23*d**2 + 119*d - 9. What is the units digit of u(-5)?
6
Let a(u) = 149*u**3 - 2*u**2 + 17*u - 17. What is the tens digit of a(1)?
4
Let t be (8 - 7)/(1/(-4)). Let c(p) = -p**3 + p**2 + 3*p + 13. What is the units digit of c(t)?
1
Let i(x) = -5*x**3 + 7*x**2 + 11*x + 102. What is the units digit of i(-6)?
8
Suppose 10410 + 22 = 16*w. What is the units digit of w?
2
Let u(v) = -21*v + 11. Let l(w) = -42*w + 23. Let m(h) = 2*l(h) - 5*u(h). What is the units digit of m(6)?
7
Let v(l) = 3*l - 8*l**2 + 9*l - l**3 - 1 + 5*l. What is the tens digit of v(-10)?
2
Suppose -4*c - t = -81 - 180, 0 = 4*c - 2*t - 270. Suppose -b - n - n + 21 = 0, 5*n = -3*b + c. What is the tens digit of b?
2
Let g be 2/4 + 14/(-4). Let y be (-59)/g - 1/(-3). What is the tens digit of y/1 - 6/(-2)?
2
Let s = -1816 - -4587. What is the units digit of s?
1
Suppose -1090 = -2*t + 5*v, 4*t = 12*v - 9*v + 2194. What is the units digit of t?
0
Let i(b) = -17*b**3 + 4*b**2 - 2*b - 21. Let d(f) = -9*f**3 + 2*f**2 - f - 10. Let l(w) = 13*d(w) - 6*i(w). What is the units digit of l(-2)?
6
Suppose -31*g = -30*g + 5*i - 322, -2*g = 4*i - 656. What is the units digit of g?
2
Suppose -3*y - 3*x + 3 = -7*y, 3*y + 3*x = -18. What is the units digit of (y/9 - 1)*-3*11?
4
Let z = 954 + -645. What is the hundreds digit of z?
3
Suppose 0 = r - 2*r + 3. What is the units digit of (-13 - (r - 4))/(-2)?
6
Let y(i) be the third derivative of -i**6/120 + 3*i**5/20 - i**4/12 - 17*i**3/6 - 23*i**2. What is the units digit of y(7)?
7
Suppose -w = -151 - 378. What is the units digit of w?
9
Let a(c) = -3*c + 4. Let q(r) = 3*r - 4. Let h(l) = 3*a(l) + 4*q(l). Let y(p) = 3*p**2 + 34*p - 22. Let k be y(-12). What is the units digit of h(k)?
2
Let i = 3 + -1. Suppose 0*o = -i*o. Suppose -5*r + 5*u + 40 = o, -5*u = 3*r - 6 - 26. What is the units digit of r?
9
Suppose -2*a - 679 = -3*u, 80 + 371 = 2*u - a. What is the tens digit of u?
2
Let z = -569 - -993. What is the tens digit of z?
2
Let i = -23 + 47. Suppose 5*x - 11 = i. Suppose -x*g + 5*g = -16. What is the units digit of g?
8
Suppose 2*n = n - 4, -3*n = -4*m + 252. Suppose 175 = 5*t + m. What is the tens digit of t?
2
Let x be 201 + -4 + (-2 - 0). Let h = -77 + x. What is the tens digit of h?
1
Suppose -69*m + 148729 - 30670 = 0. What is the thousands digit of m?
1
Let h(q) = q**2. Suppose 3*g - g = 3*f - 9, 3*f = 5*g. Suppose 3*s + f = 4*z, -5*z - 13 = -4*z + 4*s. What is the units digit of h(z)?
1
Suppose 4 = 4*f, -21 = g - 5*g - 5*f. Suppose -u = -g*o + o + 167, 5*u = 4*o - 208. What is the tens digit of o?
5
Let t = -31 - -28. What is the units digit of t/((1/3)/(6 - 7))?
9
Let h be 8/(-16)*(-425 - 1). Suppose k - 3*p - h = p, 1033 = 5*k - 4*p. Suppose r - 3*b + 1 = 26, -5*r + k = 5*b. What is the tens digit of r?
3
Let g(r) = 10*r**2 - 9*r - 11*r**3 - 2*r**3 + 0*r**3 + 13 + 12*r**3. What is the tens digit of g(9)?
1
Let a(q) = -6*q - 31. Let g be a(-15). Let o = 105 - g. What is the units digit of o?
6
Let q = 5 - -93. Let o = q - -27. What is the tens digit of o?
2
Let j(x) = 33*x**2 - 2*x + 7. Let z be j(5). Let n = -562 + z. What is the tens digit of n?
6
What is the tens digit of 2/3 + -15558*11/(-198)?
6
Let y be -4 + 27*2 + 2. Suppose -c - y = 3*c. Let v = c - -20. What is the units digit of v?
7
Let c(q) = -471*q. What is the hundreds digit of c(-2)?
9
Suppose 2*i - 2*u - 12 = 0, 2*u + 4 = -0. Suppose -x = -4*q - 15, -x - i*q = 4 + 5. Suppose x*p - 25 = -1. What is the units digit of p?
8
Suppose 139055 = -476*h + 505*h. What is the thousands digit of h?
4
Let p be 8/(-6)*(-12)/8. Suppose 5*v + p*b - 7*b = 5, -4*b = -3*v + 2. Suppose 0 = 2*k - 4*a - 37 - 25, v*a - 86 = -2*k. What is the tens digit of k?
3
Suppose 2*x - 542 = -2*z, -3*z = -2*x - 457 - 351. What is the tens digit of z?
7
Suppose 98 = 5*b + p, -2*b = 2*p + 3*p - 30. Suppose t - b = -4*t. What is the tens digit of (t + -3)/((-1)/(-48))?
4
Let h(q) = -5*q - 11. Let w(s) = -s - 1. Let z(f) = 5*h(f) - 30*w(f). Let a be z(6). Suppose -o + 123 = a*p - 3*p, -5*o = p - 48. What is the tens digit of p?
6
Suppose -4*g - p = -267, -3*g = 3*p - 0*p - 189. Let z = g - 64. What is the units digit of z?
4
Let p = 161 - 169. Suppose 2*f + f = 54. Let z = p + f. What is the units digit of z?
0
Let w = 9 + -19. Let l = 13 + w. Suppose 0*p + 37 = 5*h - 4*p, -3*h + 21 = -l*p. What is the units digit of h?
9
Suppose -2*l + 3*l + 5*r - 67 = 0, -67 = -l + 5*r. Suppose 2*u - k - l = 2*k, -3*k = 4*u - 89. What is the tens digit of u?
2
Let o(l) = l**3 - 7*l**2 - 7*l - 8. Let z be o(8). Let m(a) = 3 - 1 + z - 4*a - 3. What is the units digit of m(-8)?
1
What is the hundreds digit of (39/26)/((-9)/(-12450))?
0
Let b(r) = 7*r**2 - 3*r + 1. Let p(g) = g**2 - 9*g - 11. Let c be p(10). What is the tens digit of b(c)?
1
Let g(m) = -m**3 + 4*m**2 + 4. Let v be g(4). Suppose 0*x + v*x - 276 = 0. What is the tens digit of x?
6
Suppose 0 = -2*q - q + 24. Let g(n) = -4*n + 2. Let v be g(q). What is the units digit of (100/v)/(1/(-6))?
0
Let v be (0 + 1)*-1 + 5. Let b(p) = -6*p - 91. Let s be b(-16). Suppose s*q - 150 = -v*l, -2*l + 21 = 3*q - 67. What is the tens digit of q?
2
Let z(p) = -36*p - 6. Let d = 0 + -3. Let k be z(d). Suppose -4*i + 3*v = -k, -3*i + i + 3*v = -48. What is the units digit of i?
7
Let l(y) = 75*y**2 - 3*y + 1. Let a(p) = -301*p**2 + 13*p - 5. Let w(u) = 2*a(u) + 9*l(u). Suppose 3*d + 5 = 2. What is the tens digit of w(d)?
7
Suppose -y + 3*t + 560 = -t, 1640 = 3*y - 2*t. What is the units digit of y?
4
Let g = -9 + 12. Suppose y + y + 5*b + 19 = 0, -2*y + 21 = -g*b. What is the units digit of 4 - (y + (-12)/3)?
5
Let g(u) be the second derivative of u**4/4 - 2*u**3/3 + 11*u**2 + 22*u. What is the units digit of g(4)?
4
Let a(r) be the second derivative of r**4/12 - r**3/3 + 10*r**2 + 12*r. What is the units digit of a(-7)?
3
Let m(g) = g**2 - 17. Let r be m(5). Let i(a) = 13*a - 1. What is the hundreds digit of i(r)?
1
Let o(s) = -79*s**3 + 23*s + 40. What is the units digit of o(-2)?
6
Let y = -326 - -2395. What is the units digit of y?
9
Let u = -7 + 11. Suppose u*a - 12 = 0, -a - 66 = -3*z + 3*a. What is the units digit of z?
6
Let v(m) = -12*m**2 + 2*m - 2. Let w = -3 - -5. Let c be v(w). Let i = 90 + c. What is the tens digit of i?
4
Suppose t = 7*t + 12. What is the tens digit of t*1*1990/(-20)?
9
Let v = 94 - 95. What is the tens digit of 4/6 + ((-921)/9)/v?
0
Let r be 3*(-1)/(-3) + 2. Suppose 3*i = 3*j - r, -5*i - 5*j + 3 = -2. Suppose 4*g - z = 59, -g + 0*z + z + 11 = i. What is the tens digit of g?
1
Suppose 7*j - 5*j = 58. Let c be 3/(-9) + 14/6. Suppose -c*m + j = 5. What is the units digit of m?
2
Suppose -12620 = -170*n + 165*n. What is the thousands digit of n?
2
Let w(x) = -157*x + 42. Let v be w(-3). Let a = v + -275. What is the tens digit of a?
3
Let g(h) = h**2 + 3*h + 16. Let f be g(-6). Let t = 114 + f. What is the tens digit of t?
4
Let u(t) = 18*t + 83. Let d be u(-5). Let z(o) = 6*o**2 + 7*o + 42. What is the tens digit of z(d)?
8
Let a = 325 - -680. What is the units digit of a?
5
Let u be ((-3)/(-12)*4 - -49)/2. What is the units digit of (3/((-15)/u))/(2/(-10))?
5
Let u(b) = -36*b**2 + b. Let n(t) = 144*t**2 - 3*t + 1. Let h(s) = -2*n(s) - 9*u(s). Let w be h(-2). What is the units digit of (-3)/(-7) + w/14?
1
Let h be ((-2)/(-1) + (-16)/12)*-15. What is the units digit of -111*(